s the value of -25 - (-13 + (10 + -25 - -27))?
-24
What is 34 - (9 - -6 - (-3 + 10))?
26
What is 24 + -52 + (47 - 20)?
-1
What is 4 + -28 + 17 + 1 + 12 + -26?
-20
What is 16 + (1 - (11 + -3)) - -1?
10
What is -17 + 50 + 20 + -35?
18
What is -15 + 16 + -14 + 13 + -14?
-14
What is 27 + -49 - 5 - -20?
-7
What is -1 + (-6 - (2 + (-15 - -11)))?
-5
Evaluate -1 + -14 + (-197 - -224).
12
6277 - 6287 - (21 + -2 + 0 - 2)
-27
What is the value of (-4 - 1) + 0 + 3 + -7?
-9
Calculate -15 + (21 + 16 + -3 - -10).
29
What is the value of (5 - (16 + -10 + -2 + 5)) + 0?
-4
What is the value of (6 + 1 - ((10 - 36) + 24)) + -14?
-5
What is the value of -21 - (-14 - (4 + (-5 - 5)))?
-13
1881 + -1852 - (18 - -1)
10
(0 - 7 - 0 - (-44 - -15)) + -6
16
(13 + 1 - (36 - (-7 - -37))) + -26
-18
What is the value of 7 + -15 + (21 - 25) + -3?
-15
-130 + 106 + (-6 - -48)
18
What is -3 + 7 + 0 - (7 - -3)?
-6
Evaluate 59 + -79 - (-47 - 0) - 20.
7
Evaluate (-9 - -2) + (-3 - (-2 - 14)).
6
245 - 260 - (-8 + -1 + 0)
-6
Evaluate -36 + 59 + (-2 - 0).
21
Calculate -25 - (0 - ((1 - -4) + -1)).
-21
What is the value of 9 + (-3 - 0) + 0 + -7 + 2?
1
Evaluate (-13 - 19) + 30 + -6.
-8
-5 - (-3 + 5 - 11)
4
Evaluate 10 - ((-3 - 1) + (26 - -14) - 1).
-25
3 - (-21 + (27 - 25))
22
What is (6 - 8) + (-7 - (-3 - 5) - -21)?
20
1405 + -1386 - (3 + (2 + -3 - 2))
19
Calculate 1 + (-2 + -9 - (-16 + 11)).
-5
What is the value of -17 - (-23 + -2) - 11?
-3
Evaluate -34 - (-94 - -62) - (-7 - 1).
6
Calculate -49 - -41 - (1 + -20).
11
What is (2 - -2) + (-3 + -5 - (-6 - -25))?
-23
Calculate 23 - (9 + (0 - (-6 - -6))).
14
Evaluate 5 - -20 - (3 + 12).
10
-143 + 135 - (1 - 12) - (2 - -13)
-12
What is 9 + (-22 - -1) - -21?
9
Evaluate (36 + -29 - 25) + 22.
4
1 + (4 - -37) - (88 - 68)
22
Calculate (-10 - (39 - 37)) + -1 + 6 + 2.
-5
Evaluate (-6 - (1 - 1 - (-5 - -9))) + -4.
-6
(1 - 2 - 5) + -1319 + 1308
-17
Calculate (-7 + (-3 + 11 - 3) - -4) + -16.
-14
What is the value of 3 + 1 + (4 - 11) + 2 - -8?
7
Evaluate 15 - (-11 + (36 - -2)).
-12
(-38 - -21) + -1 + (-10 - -7)
-21
Evaluate 2 - (2 - 1 - 7) - 5.
3
What is 4 - (4 + 12 - 9) - 10?
-13
Calculate -3 + (3 - -2) + -6 - -8.
4
(-3 - -9) + -61 + 65
10
Calculate -14 - (-1 + (7 - -3) + -29 + 24).
-18
Calculate -11 - (-31 - -5) - 10 - 0.
5
-77 + 3 + 59 + 1 + 32
18
What is (8 + 7 + -12 - (1 - -3)) + 0?
-1
What is (23 - (-5 + 6)) + -11 + 11?
22
Evaluate 6 + (-3 - 3 - -3) - (-8 + 1).
10
Evaluate -66 + 54 + 13 + 3 + 0 + -5.
-1
What is (-40 - 3) + -1 + (15 - 7)?
-36
What is the value of -3 + -1 + 14 - 8?
2
What is the value of 6 + (-5 - -4 - 5) + (2 - -1)?
3
Evaluate -15 - -21 - 6 - -4.
4
Evaluate 270 + -268 + 4 + 2.
8
What is -56 + 0 + 23 + 22?
-11
Calculate -26 - (35 - 52) - (-4 - 1).
-4
What is 106 - 70 - (11 - -1)?
24
What is 9 - (-6 + (-1 - (-5 + -5)))?
6
Calculate (-49 - -8) + 4 + 12 + -2 + 10.
-17
What is the value of 7 + 3 + 1 + -19 + (53 - 25)?
20
Calculate 4 - -19 - 16 - (-24 + -1).
32
What is the value of (-3 + -8 + 10 - (3 - 0)) + 1?
-3
What is 8 + 2 + -26 - -12?
-4
(4 - (-13 - -1 - -6 - -7)) + 2
5
Calculate 17 + (-34 - -30 - 29).
-16
What is 36 - 50 - (3 - (13 + 2))?
-2
What is 8 + (-15 - -3) - (1 + -5 + -15)?
15
Calculate 0 - 10 - -3 - (3 + -8 + 9).
-11
What is the value of -14 - (-10 + (6 + -4 - (-9 - -2)))?
-13
Evaluate -38 - -20 - -26 - 11.
-3
What is -1 + 1 + -3 + (14 - 11) - -5?
5
What is 20 + 1 - (-57 - -72) - -16?
22
What is (-3 + 7 - -1) + -70 + 49?
-16
0 - (-21 - -13) - (-2 - -3 - 0)
7
What is the value of 8 + (4 - 13) + 4?
3
Calculate 1 + (0 - 0) - (-33 - 61 - -79).
16
8 + 8 + -3 + -9 + -6
-2
What is 29 - (-5 + 26) - (-8 - -2 - -1)?
13
What is (-9 - -4) + 278 + -290?
-17
Evaluate -19 - (-4 + -3 + -11).
-1
Evaluate (-2 - (-14 - -9)) + -16 - -36.
23
-6 - (10 - 9) - (-9 + 8)
-6
What is -11 + 6 + -2 + 13 - 12?
-6
What is (12 - (-4 + 12)) + (8 - -2 - 0)?
14
What is (-4 - -2) + 1 + -3 + -8 + 2?
-10
30 + -42 + 18 + -5
1
Evaluate (-14 + -1 - (-21 - -10)) + (0 - 3).
-7
Calculate 2 + 4 - (2 + -3 - (-2 - 4)).
1
What is (3 - 15) + (-8 - -6 - -11 - 4)?
-7
3824 + -3826 + (1 - 0) + (-11 - 1)
-13
-9 + 4 + 3 + (-9 - -8)
-3
-7 + -29 + 50 + -7
7
Evaluate (-13 - (1 + (-28 - -5))) + (-1 - -2).
10
What is -918 + 912 - (-6 - (-1 - (-1 - 0)))?
0
What is the value of 4 + 5 + 3 + -7?
5
What is (7 + -3 + -2 - 4) + 0 + 5?
3
What is the value of 0 + (18 + -14 - 12)?
-8
What is the value of 6 - ((-17 - -18) + 9)?
-4
-3 - (-1 + 0 + -7) - (-5 + 14)
-4
What is the value of -3 + (-2 - (2 - 4)) - (482 + -475)?
-10
What is -17 + -2 + 34 - 12?
3
Evaluate (36 - 1) + (-149 - -129).
15
10 + (5 - 21) + (7 - 0)
1
Calculate 14 - (-16 + 22 - -9).
-1
-21 + 17 + (23 - (-1 - -4) - -8)
24
Evaluate 19 - (-13 - (-25 - -10)).
17
Evaluate -4 - ((15 - 24 - -20) + -19).
4
Evaluate 9 - -4 - 9 - ((-1 - 2) + -2).
9
-10 - (-16 - (-6 - (-11 - -6) - -10))
15
What is the value of 3 + 15 + -26 + (0 - 14)?
-22
What is the value of -37 + 82 + -69 + (3 - (3 - 3))?
-21
What is the value of -2 + 9 + (-4 + 4 - -5)?
12
Calculate (0 + 22 - -8) + -1.
29
Calculate 5 + -24 + -29 + 32 + (0 - 8).
-24
What is 9 + (11 - (4 - -22)) + -10 + 4?
-12
(9 - 2) + 10 + 16
33
-40 + (111 - 46) + -24
1
What is the value of 0 + 3 + (17 + 2 - 21) + 11?
12
(-50 - -66) + (-1 - 6)
9
What is -10 + 16 + -11 - (-4 + -21)?
20
Calculate 12 + (-34 - (-7 - (1 - 7))).
-21
Calculate (1 - 6) + -1 + -15 + 11.
-10
291 + -315 + (49 - -3)
28
What is the value of (20 - 25 - (3 - 2)) + 0 + 22?
16
Evaluate -60 + 53 - -3 - (1 - -5).
-10
Calculate 21 + -1 + -32 - -21.
9
-18 + 30 + (-51 - -31)
-8
Calculate -890 - -899 - (13 + (1 - 1)).
-4
Calculate 2 - 18 - -12 - 10.
-14
What is the value of -5 - ((5 - -3) + 3 - 8)?
-8
(4 - (-5 - 0 - -7)) + -13
-11
What is -8 - (5 + (-1 - -9) + -1)?
-20
What is the value of 6 - (-48 - -49) - -16?
21
12 - 0 - 3 - (-101 - -112)
-2
What is the value of 5 - -1 - (11 + 19 + -20)?
-4
What is the value of -9 + (13 - (18 - 31)) - -7?
24
Calculate (-4 - ((-7 - 0) + 4 - -7)) + 23.
15
What is the value of 0 - (1 + -1 + 6) - -2 - -5?
1
Calculate -1 + -28 + (-134 - -192).
29
Evaluate 18 + -5 - (20 - (-12 + 12)).
-7
Evaluate (7 - 7) + (-6 - (-30 - (-3 - 5))).
16
-28 + 2 + 10 - -6
-10
What is 0 + 2 + -5 + (17 - 7) + -1?
6
What is the value of (10 - -1) + 2 + (-321 - -336)?
28
What is 6 - 1 - 30 - (-11 + (0 - -7))?
-21
Evaluate (8 - 4 - (-11 + 16)) + -7.
-8
Evaluate 7 - (-4 - (11 + -23)).
-1
(19 - (-1 + (3 - -4))) + (-1 - 3)
9
Evaluate (-3 - (2 - -11)) + 18.
2
Calculate 10 + -29 + -11 + 2.
-28
What is the value of 21 + (-9 + 6 - 37)?
-19
Evaluate (-2 - 9) + -2 + 1 + -964 + 970.
-6
9 + 0 + -4 + (32 - (5 - -17))
15
Calculate 0 + -2 + -2 + 39 + -32.
3
(27 - 33) + 5 + (-1 - -10) + -30
-22
Evaluate (1 - 6 - -6) + -6 - -1.
-4
What is the value of -4 + (-7 - -15 - 21)?
-17
What is 133 - 135 - (1 + 9)?
-12
What is -4 + (-8 - 1) + (2 - (1 - -1))?
-13
What is -11 + 8 - (6 - -1) - (3 + 2)?
-15
What is -21 + (7 - -16) - (-2 + -2)?
6
What is 3 + -8 + 2 + 1 + -1 - 12?
-15
Evaluate 0 + 1 - -1 - (86 + -49 - 23).
-12
Evaluate (-11 - -42) + -18 + -3.
10
Calculate -5 + (1 + 4 + 11 - 4).
7
Evaluate 34 - (55 - 43) - 30.
-8
What is the value of -12 + 0 - ((-14 - -7 - -6) + -2)?
-9
Evaluate -7 + (-1 - -25) + -11 + -10.
-4
Evaluate -1 + -5 + -22 + 15.
-13
What is the value of (0 - (0 - -1) - -2) + (-289 - -297)?
9
Evaluate (-19 - (-24 - (-11 - 5))) + -20.
-31
What is the value of 0 + -4 - (1 + 4 + -24)?
15
Calculate -3 - ((19 - 32) + (5 - -28)).
-23
What is -45 + 8 + 23 - (18 - -3)?
-35
(134 - 142) + (-3 - (0 - -5 - 3))
-13
Calculate (-306 - -304) + 0 + (1 - 0).
-1
What is the value of -10 - (-38 + (-10 + 20 - 7) + -3)?
28
What is the value of (-36 - -39) + (-14 - -3)?
-8
What is -4 - (-2 + 2) - (-4 - 30)?
30
-13 + (4 - -19) - 11 - -23
22
(-9 - -5) + 6 + -1
1
-6 + -7 - (14 + -21)
-6
What is (14 + 12 - -10) + -12?
24
-9 - ((-18 - -19 - (-3 + 2)) + -2)
-9
0 + -12 - (0 - (-2 - -10))
-4
What is the value of 22 + 13 + -37 + 7?
5
What is the value of -43 + 53 - (-1 + 2)?
9
Evaluate -6 + 3 + 6 + -6 - (6 + -26).
17
What is 3 + -11 + (-42 - -43 - (-1 - -2))?
-8
What is the value of (26 + 37 - 22) + -13?
28
What is 22 + (-19 - (6 - 1))?
-2
(-1 - (2 + 3)) + 27 + -26
-5
-2 + -29 + -29 + 43
-17
Evaluate -17 - (15 - 23) - -6.
-3
3 + (6 + -9 - -6) + (-30 - -45)
21
Evaluate -15 - 1